5
Let a(s) = s**3 + 6*s**2 + 81*s + 279. Calculate a(-4).
-13
Let h(a) = a**3 + 8*a**2 - 61*a - 5. Determine h(5).
15
Let z(s) = -178*s - 13343. What is z(-75)?
7
Let i(v) = 38*v**2 - 2452*v - 1167. What is i(65)?
3
Let u(a) = -65*a + 200. Calculate u(5).
-125
Let k(h) = h**3 - 14*h**2 + 73*h - 460. Determine k(10).
-130
Let u(l) = 51*l + 144. What is u(-12)?
-468
Let g(k) = k**3 + 75*k**2 - 404*k - 160. Give g(-80).
160
Let w(y) = -163*y + 1631. What is w(10)?
1
Let l(t) = -6*t**2 - 637*t - 88. What is l(-106)?
18
Let r(w) = -w**2 + 2390*w + 4. What is r(0)?
4
Let m(y) = -145*y**3 + 134*y**2 + 2. What is m(1)?
-9
Let y(w) = w**3 + 164*w**2 - 340*w - 1324. What is y(-166)?
4
Let t(p) = 5*p**2 - 68*p + 147. Determine t(8).
-77
Let a(k) = -2*k**2 + 22*k + 119. What is a(15)?
-1
Let x(p) = -13*p - 1033. What is x(-67)?
-162
Let z(b) = -b**3 - 20*b**2 - 20*b + 17. Calculate z(-19).
36
Let s(u) = -3*u**2 - 299. Determine s(0).
-299
Let c(w) = 4*w - 201. What is c(-8)?
-233
Let z(b) = -b**3 - 101*b**2 + 753*b - 332. Determine z(-108).
-8
Let s(g) = -324*g - 102. Calculate s(-1).
222
Let s(o) = -2*o**2 + 375*o + 6587. What is s(-16)?
75
Let f(y) = 4*y**2 + 29*y - 253. Give f(5).
-8
Let j(n) = n**3 + 28*n**2 + 45*n - 164. Determine j(-26).
18
Let a(r) = -6*r**2 + 62*r - 13. Calculate a(13).
-221
Let s(t) = -194*t + 5237. Determine s(27).
-1
Let g(u) = -12*u**2 + 20*u - 2. What is g(3)?
-50
Let f(d) = -d**3 - 10*d**2 - 5*d - 5. Give f(-5).
-105
Let r(l) = 8*l - 169. Determine r(21).
-1
Let s(i) = 4*i**2 + 34*i - 292. What is s(8)?
236
Let z(t) = -636*t + 10179. Calculate z(16).
3
Let g(q) = 31*q**3 + 14*q**2 - 3*q - 2. Give g(-2).
-188
Let q(m) = m**3 + 12*m**2 - 6*m + 74. What is q(-11)?
261
Let v(t) = t**3 + 54*t**2 - 233*t + 136. Give v(-58).
194
Let t(f) = 4*f**3 - 50*f**2 + 25*f - 21. What is t(12)?
-9
Let o(f) = 4533*f - 18168. Give o(4).
-36
Let f(h) = -3*h**2 + 9*h + 178. Give f(-7).
-32
Let o(d) = 357*d - 168502. What is o(472)?
2
Let h(t) = 39*t**2 - 7*t + 8. What is h(1)?
40
Let k(v) = -2*v**3 + 57*v**2 + 24*v + 153. Give k(29).
8
Let a(s) = s**2 - 149*s + 463. Determine a(3).
25
Let z(a) = -a**3 - 7*a**2 + a + 23. Calculate z(-5).
-32
Let d(v) = -v**3 - 2*v**2 + 28*v + 26. Calculate d(5).
-9
Let a(h) = -43*h - 87. Determine a(0).
-87
Let a(b) = -9*b**2 + 519*b - 3572. Determine a(8).
4
Let l(g) = -8*g - 401. What is l(-39)?
-89
Let a(h) = 21*h + 141. What is a(-6)?
15
Let g(x) = 232*x**2 + 11. Calculate g(1).
243
Let v(h) = -61*h + 44. What is v(1)?
-17
Let v(o) = -o**3 - 12*o**2 + 36*o - 48. Give v(-14).
-160
Let h(r) = 106*r + 3582. What is h(-34)?
-22
Let u(i) = -15*i**2 + 247*i - 294. Calculate u(16).
-182
Let t(q) = 2*q**2 + 166*q + 161. Calculate t(-82).
-3
Let g(d) = 77*d + 7683. Give g(-97).
214
Let s(f) = -238*f + 9729. Give s(41).
-29
Let x(m) = -2*m**2 + 15*m - 21. Give x(2).
1
Let m(b) = -3*b**2 + 47*b + 46. Calculate m(18).
-80
Let k(z) = 3*z**3 - 102*z**2 + 87*z + 38. Calculate k(33).
-358
Let l(h) = 83*h**2 - 72*h + 2. Determine l(2).
190
Let z(v) = -v**3 - 7*v**2 - 11*v + 5. Give z(-2).
7
Let h(l) = -4*l**2 - 56*l + 1. Calculate h(-14).
1
Let p(y) = y**3 - 41*y**2 - 3*y + 99. Calculate p(41).
-24
Let r(w) = -17*w - 901. Determine r(-56).
51
Let j(g) = -g**3 - 34*g**2 + 153*g + 50. Give j(-38).
12
Let f(i) = 2*i**2 - 46*i + 149. Determine f(4).
-3
Let q(m) = m**3 + 5*m - 168. Calculate q(0).
-168
Let m(x) = -9*x**2 + 22*x + 105. What is m(-5)?
-230
Let p(w) = w**3 - 12*w**2 - 20*w + 201. What is p(9)?
-222
Let v(j) = 14*j**3 + 71*j**2 - 41*j - 222. Give v(-5).
8
Let s(a) = 117*a**2 - 119*a - 1. What is s(1)?
-3
Let b(z) = 3*z**3 - 110*z + 20. What is b(6)?
8
Let i(k) = 28*k + 540. Give i(-21).
-48
Let r(i) = 263*i + 28. Give r(-3).
-761
Let n(j) = -363*j - 2536. What is n(-7)?
5
Let y(x) = 26*x - 31. Give y(5).
99
Let p(b) = -54*b**2 - 2917*b - 52. Calculate p(-54).
2
Let m(y) = 9909*y + 29735. Determine m(-3).
8
Let o(i) = 87*i - 7847. Give o(90).
-17
Let s(w) = -11203*w - 201663. Calculate s(-18).
-9
Let o(u) = 5*u**2 + 50*u - 46. Give o(-11).
9
Let s(k) = -3*k**3 - 21*k**2 - 4050*k - 28351. What is s(-7)?
-1
Let f(v) = v**3 - 18*v**2 - 378*v - 18. What is f(-12)?
198
Let b(t) = 46*t + 199. Calculate b(-4).
15
Let a(x) = 38*x + 371. Give a(-10).
-9
Let d(b) = -b + 113. Determine d(-15).
128
Let h(r) = 16*r - 170. What is h(11)?
6
Let h(u) = 3*u**2 + 69*u + 354. Determine h(-15).
-6
Let x(c) = c**3 - 4*c**2 - 39*c + 211. Give x(7).
85
Let h(a) = 2*a**3 + 39*a**2 + 26*a + 23. Give h(-18).
527
Let b(q) = -10*q**2 - q + 82. Give b(-7).
-401
Let y(u) = -u**3 + 11*u**2 + 51*u - 124. Calculate y(14).
2
Let h(b) = -264*b - 798. Calculate h(-3).
-6
Let a(w) = w**3 - 5*w**2 - 287*w + 1918. Give a(7).
7
Let r(x) = -53*x - 2703. What is r(-51)?
0
Let d(o) = -4585*o + 41299. Calculate d(9).
34
Let y(s) = 71*s + 18. Calculate y(3).
231
Let n(f) = 4*f**2 + 45*f + 48. Calculate n(-10).
-2
Let y(i) = -6*i + 53. Give y(-10).
113
Let y(o) = 49*o - 794. What is y(12)?
-206
Let i(r) = 539*r - 3708. Calculate i(7).
65
Let x(q) = q**2 - 42*q - 642. Determine x(54).
6
Let y(n) = -1010*n + 6071. Determine y(6).
11
Let y(m) = m**3 - 11*m**2 + 5*m - 428. What is y(13)?
-25
Let y(a) = -2*a**3 + 3*a**2 + 17*a - 4. Give y(0).
-4
Let m(b) = b**2 + 21*b - 243. What is m(8)?
-11
Let s(j) = j**2 + 3289*j - 26355. What is s(8)?
21
Let t(v) = 19*v - 210. Determine t(17).
113
Let q(n) = -2*n**3 + 15*n**2 - 25*n + 50. What is q(7)?
-76
Let p(z) = z**3 + 28*z**2 + 186*z + 565. Determine p(-20).
45
Let d(g) = -g**2 - 60*g - 78. Give d(0).
-78
Let v(p) = p**3 + 52*p**2 + 118*p + 455. Give v(-50).
-445
Let t(m) = -m**2 - 586*m + 2936. What is t(5)?
-19
Let b(g) = 220*g - 53. Give b(0).
-53
Let k(b) = -117*b - 1854. Calculate k(-17).
135
Let w(p) = 238*p - 9275. Calculate w(39).
7
Let u(y) = 2*y**3 - 61*y**2 - 97*y + 29. Calculate u(32).
-3
Let z(q) = -3*q**2 + 247*q - 415. What is z(81)?
-91
Let t(u) = 44*u - 27. Give t(0).
-27
Let p(l) = -3*l**3 - 152*l**2 + 51*l. Calculate p(-51).
0
Let y(m) = -m**3 + 25*m**2 - 70*m + 96. What is y(23)?
-456
Let b(r) = 15*r - 99. Calculate b(10).
51
Let z(d) = -d**3 + 12*d**2 + 31*d - 4. What is z(14)?
38
Let u(a) = -8*a**2 + 892*a - 1252. Calculate u(110).
68
Let u(c) = -c**3 + 6*c**2 + 29*c - 16. What is u(8)?
88
Let f(v) = -43*v - 2479. What is f(-57)?
-28
Let y(u) = 1204*u - 6027. Give y(5).
-7
Let w(k) = -2*k**3 - 11*k**2 + 25*k + 67. What is w(-6)?
-47
Let m(x) = -1090*x - 1080. What is m(-1)?
10
Let m(i) = -i**2 + 11*i + 52. Give m(15).
-8
Let f(a) = a**3 - 2*a**2 + 4*a - 2. Give f(0).
-2
Let d(m) = 258*m + 38427. Give d(-149).
-15
Let d(h) = -h**3 + 22*h**2 + 501*h - 16. What is d(-14)?
26
Let u(y) = 2*y**3 + 23*y**2 - 43*y - 50. Give u(-13).
2
Let h(g) = -g**3 + 47*g**2 + 149*g + 39. What is h(50)?
-11
Let s(x) = -x**3 + 61*x**2 - 470*x + 114. What is s(52)?
10
Let i(b) = 5*b**2 + 15*b - 188. Determine i(-8).
12
Let y(q) = -q**3 - 29*q**2 - 183*q - 75. Give y(-20).
-15
Let z(s) = -17*s + 683. What is z(56)?
-269
Let f(t) = t**3 - 17*t**2 - 37*t - 25. Give f(19).
-6
Let l(a) = -22*a + 747. Calculate l(33).
21
Let s(j) = -17*j**3 - 1851*j**2 + 224*j + 662. What is s(-109)?
8
Let l(p) = -2*p**3 + 51*p**2 - 26*p + 29. Give l(25).
4
Let p(k) = -2*k**3 - k**2 + 6*k - 10. Give p(0).
-10
Let r(t) = -t**3 + 11*t**2 + 22*t + 36. Give r(12).
156
Let o(b) = b**3 + 9*b**2 + 18*b + 6. Calculate o(-4).
14
Let k(t) = -3*t**3 + 390*t**2 + 2*t - 272. What is k(130)?
-12
Let p(n) = -n**3 + 4*n**2 + 42*n - 273. Determine p(9).
-300
Let t(u) = u**2 + 3*u - 9. What is t(6)?
45
Let f(o) = -33*o + 5. Calculate f(-11).
368
Let g(f) = 10*f**3 - 31*f**2 + 7*f + 3. What is g(3)?
15
Let z(d) = -2*d**3 + 2*d**2 - 13*d + 73. Calculate z(6).
-365
Let h(l) = -2*l**2 - 118*l - 513. Calculate h(-54).
27
Let f(o) = -o**2 + 16*o + 6. What is f(11)?
61
Let p(f) = 3*f**2 - 24*f + 39. Calculate p(7).
18
Let v(l) = l**3 - 16*l**2 - 34*l - 8. Determine v(18).
28
Let k(v) = -2*v**2 + 151*v - 703. Calculate k(70).
67
Let q(n) = n**3 - 19*n**2 - 17*n + 9. Determine q(20).
69
Let x(v) = v**3 + 41*v**2 + 315*v + 9255. Determine x(-39).
12
Let o(s) = 3*s**3 + 165*s**2 + 325*s + 361. What is o(-53)?
-10
Let b(z) = -z**3 - 48*z**2 - 47*z - 7. Give b(-47).
-7
Let h(